 4*v - 2*i = g, -4*i - 2 = v - 5. What is the units digit of v?
9
Suppose -3*w + w + 36 = 0. Let t = -14 + w. Suppose -3*m + k = -16 - 21, -36 = -t*m + 4*k. What is the tens digit of m?
1
Let n(u) be the third derivative of u**6/120 + u**5/30 - u**4/12 + u**3 - 2*u**2. What is the tens digit of n(5)?
7
Let r = 89 + -44. Suppose -2*n + 35 = 3*w - r, -w + 134 = 3*n. What is the units digit of n?
6
Let j = 580 + -407. Let r = 248 - j. What is the units digit of r?
5
Let j(v) = -38*v**2 + 6*v + 5. Let q(o) = o**2 - o - 1. Let d(h) = -j(h) - 6*q(h). What is the tens digit of d(-1)?
3
Let f(i) = 4*i + 36. Let b be f(-8). Suppose 2*n - 241 = -5*w, b*n + 79 - 519 = 4*w. What is the tens digit of n?
1
Suppose -2*l + 4 = 0, 5*g + 5*l - 16 + 1 = 0. What is the units digit of ((-711)/(-6))/(g/2)?
7
What is the hundreds digit of (-4)/(-6)*(5 + 2422/7)?
2
Suppose -4*c + 150 + 631 = i, -5*c + 977 = 2*i. Let x = c + -459. What is the tens digit of (x/32)/((-6)/16)?
2
Suppose 2*m = -3*o + 575, 4*m + 0*m + 3*o - 1159 = 0. Let i = m - 119. What is the tens digit of i?
7
Let c be 7 + -8 - (-1 - 148). Let v = c + -89. What is the units digit of v?
9
Let f(c) = 13*c**3 + 5*c**2 + 8*c + 7. Let r(h) = -7*h**3 - 2*h**2 - 4*h - 4. Let l(z) = -3*f(z) - 5*r(z). What is the tens digit of l(-3)?
7
Let u(v) = -v**3 + 6*v + v - 5*v**2 - 4 + 12. Let t be u(-6). What is the units digit of ((-2)/4)/(t/(-144))?
6
Let b(x) = x**2 + 1. Let u(p) = -6*p**2 + 25*p - 10. Let d(l) = 5*b(l) + u(l). What is the tens digit of d(14)?
4
Let v(d) = d**3 - 10*d**2 + 11*d - 6. Let l be v(9). What is the tens digit of ((-1012)/(-6))/2 - (-8)/l?
8
Suppose 0 = -4*p + 10 - 2. Suppose -5*t = 4*k - 2, -2*k - p*t = k - 5. What is the units digit of 6 + k - (2 + -2)?
9
Suppose -2*d - 16 = 2*d, 3*i - 30 = -3*d. Let s = 14 + -10. Let c = i - s. What is the tens digit of c?
1
Let g = -71 - -71. Suppose g*j + d - 220 = -j, 0 = -2*j - 5*d + 425. What is the units digit of j?
5
Let q = -3995 + 6022. What is the hundreds digit of q?
0
Suppose 5*c + 20 = -2*l, l + 18 = -4*c - l. Let i(f) = 16*f**2 - 10*f - 5. What is the units digit of i(c)?
9
Suppose 0 = 5*y + 3*b - 3987, -2820 = -3*y - 3*b - 429. What is the hundreds digit of y?
7
Let t(s) = s - 2. Let y be t(7). Suppose 6*i - 23 = -y. Suppose -r - 5*c = -22, 3*c = -2*r + i + 20. What is the units digit of r?
7
Let r = 1303 - 662. What is the hundreds digit of r?
6
Suppose -20 = -4*d - 5*t + 7*t, -d + 3 = -t. Let s(y) = 3*y**2 - 3*y - 1. What is the hundreds digit of s(d)?
1
Let j(g) = 391*g**2 - 42*g + 120. What is the units digit of j(3)?
3
Let p = 9 + -5. Suppose p*l = 5*y + 9*l - 645, -2*l - 377 = -3*y. Suppose 5 = 3*s - y. What is the units digit of s?
4
Suppose 5*b - 45 = 5*g, -4*g - 4 = -b + 23. Let z = 3 + g. Let k(x) = x**3 + 4*x**2 + 2*x - 2. What is the units digit of k(z)?
1
Let j(u) be the third derivative of u**5/20 + 2*u**4/3 + 8*u**3/3 + 29*u**2. What is the tens digit of j(-8)?
8
Let x(i) = 8*i**2 - 10*i + 45. What is the hundreds digit of x(12)?
0
Suppose 2*d = -2*y + 8, 2*y + d = -1 + 9. Let r(j) = 2*j - 2. Let n(g) = 10*g - 7. Let c(k) = 4*n(k) - 18*r(k). What is the units digit of c(y)?
4
Let z be 2 - (-5 + 4) - -3. Suppose 5*m - z*m = -69. What is the tens digit of m?
6
Suppose -5*s = 3*c - 2735, -11*s + 2755 = -6*s - c. What is the tens digit of (-1)/(-2)*(s + -2)?
7
Let q = -992 + 1676. What is the tens digit of q?
8
Suppose 1304 = -296*d + 297*d. What is the hundreds digit of d?
3
What is the thousands digit of (-15585 - 3)/(-12) + -1?
1
Let z(j) be the first derivative of -31*j**3 - j**2 - j - 7. Let d be z(-1). Let g = d - -142. What is the units digit of g?
0
Suppose w = 6*w - g - 2, 8 = -w - 4*g. Let t(y) = -y - 2. Let o be t(-4). What is the units digit of (5 - 6) + (o - w)?
1
Let s(r) = 9 - r**2 + 4*r**2 - r**2 + 6*r - r**2. Let j be s(-5). Suppose j*x - 2*d = 54, 6*d - 61 = -4*x + d. What is the units digit of x?
4
Let t be 0 - (-12)/((-3)/(-1)). Let v = 53 - t. What is the units digit of v?
9
Suppose 3*k = -2*v + 11804, -5*k + 27*v = 31*v - 19672. What is the tens digit of k?
3
Let c(f) = -27*f + 57. What is the units digit of c(-12)?
1
Suppose 3*o - 52 = -2*j + 106, -4*j + 324 = 4*o. Let v be ((-28)/12 - -9)*(-3)/(-2). Suppose -v*p + 5*p + j = 0. What is the units digit of p?
7
Let x = 43 - 30. Let v(q) = 3*q - 1. Let h be v(2). Let l = x + h. What is the units digit of l?
8
Let l(x) = x**3 + 7*x**2 + 7*x - 10. Let i be l(-5). Let d(k) = 5*k**2 - 2*k - 18. What is the units digit of d(i)?
7
Let k be (-1*1)/((-1)/(-8)). Let b = k + 41. Suppose b + 3 = t. What is the tens digit of t?
3
Let a = 16 - -69. Suppose 3*m = 4*l + a, 3*m - 3*l = 113 - 29. Suppose -3*g = 2*x - m, 0 = -x - 4*g + 2*g + 12. What is the tens digit of x?
1
Suppose -5*u = -j - j - 96, -4*j + 2*u = 208. Let h = 116 + j. What is the units digit of h?
3
Suppose -3*g + 4198 = -599. What is the hundreds digit of g?
5
Let m(n) = -n**2 - n - 1. Let x(b) = 5*b**2 + 4. Let i(h) = 6*m(h) + x(h). What is the units digit of i(-5)?
3
Let h(i) = -48*i + 137. What is the units digit of h(-7)?
3
Let s(t) = 287*t - 275. What is the thousands digit of s(9)?
2
Suppose -944*h + 945*h - 785 = 0. What is the units digit of h?
5
Let k(m) = -110*m - 32. What is the tens digit of k(-7)?
3
Suppose -246*b = -240*b - 4284. What is the tens digit of b?
1
Let q(d) = -d**3 + 7*d**2 - 4*d + 7. Let c be 22/5 - 9/(-15). Let n be 2*c*(-5)/(-10). What is the units digit of q(n)?
7
Let k(a) = -a**3 - 18*a**2 - 3*a + 10. Let r = 1 + -19. Let z be k(r). Suppose 4*j = z + 12. What is the units digit of j?
9
Suppose 4*v = 8*v + 4. What is the units digit of (-31)/(v/(-2) + -1)?
2
Let p be ((-5)/10)/(1/(-10)). Suppose p*n + 319 = 1729. What is the units digit of n?
2
Let l = -888 - -942. What is the units digit of l?
4
Let f(l) = 3*l**2 + 1. Let c(z) = -z - 7. Let j be c(-8). Let g be f(j). Suppose w - 14 = -2*p, -3*p - g = 2*w - 27. What is the units digit of p?
5
Suppose 49 = 4*p - 415. Suppose -i + 4*j - 3*j + 124 = 0, -3*j - p = -i. Let z = i + -62. What is the tens digit of z?
6
Let j(i) = 3*i**2 - 4*i. Let b be j(2). What is the units digit of b/8 + (-109)/(-2)?
5
Let d(p) = -13*p + 14. Let k be d(-4). Let x = k - 61. What is the units digit of x?
5
Let s(d) = d**3 - 8*d**2 - 21*d - 19. What is the units digit of s(12)?
5
Let r(d) = 8*d**2 + 6*d + 9. Let p be r(-2). Suppose -p*h = -28*h - 77. What is the tens digit of h?
7
Suppose -24 = -2*x + x + 2*w, -4*x - w + 69 = 0. Suppose -3*k = 5*j - 237, j - k - x = 23. What is the tens digit of j?
4
Suppose -6*c + 4*c - 472 = -2*g, 5*g - 3*c - 1186 = 0. Let n = g - 125. What is the tens digit of n?
1
Suppose 2*j - 2*w = 206, 3*w + 0*w = -j + 107. Let t be (-2)/7 + j/(-28). What is the tens digit of t/3 - 2176/(-48)?
4
Suppose -5*q + 858 = -682. What is the tens digit of q?
0
Let q be ((-3312)/161)/(1/(-7)). Let f = q - 98. Let h = 126 - f. What is the units digit of h?
0
Suppose c - 3*p = 286, -5*c + 2*p + 1728 = 363. What is the hundreds digit of c?
2
Suppose 47*i = 29*i + 56916. What is the hundreds digit of i?
1
Let z be ((-144)/(-20))/(6/(-20)). Let y = 43 + z. What is the units digit of y?
9
Let z(m) = 30*m**2 - 1. Let s = 0 - -5. Let p = s - 6. What is the tens digit of z(p)?
2
Suppose 0 = -24*u + 17*u + 12278. What is the tens digit of u?
5
Suppose 0 = 54*c + 24374 - 97706. What is the tens digit of c?
5
Let r(a) = a + 13. Let s be r(-5). Suppose -s*p + 480 = -5*p. What is the tens digit of p?
6
Let m = 117 - 115. Suppose -376 = -m*a - 3*g, 5*a - 2*g - 752 = a. What is the units digit of a?
8
Suppose -2*z - 16 - 20 = 5*r, -5*z + 2 = r. Suppose -2*x = h, 2*h = -2*x + 2 - 0. Let w = h - r. What is the tens digit of w?
1
Suppose 0*j - j = -271. Let z = j - 190. What is the tens digit of z?
8
Let z = -73 - -73. Suppose -4*n + 3*f = 4*f - 690, -2*n - f + 344 = z. What is the tens digit of n?
7
Let c be (2 + -13 + 1)*(-16 + 30). Let a = c + 225. What is the tens digit of a?
8
Suppose 0 = 2*r + 5*z - 40, -r + 6*r = -3*z + 62. Suppose 0 = 3*s - 12, -4*g - 4*s = r - 194. Suppose 0*f = -2*f + g. What is the units digit of f?
1
Suppose -3*u - 21 = -3*k, -5 = 3*k + 2*u - 1. Let g = 46 + k. What is the tens digit of g?
4
Let b = 1970 + -4184. Let s =